 z.
4
Suppose 5*a + 79 = 184. Calculate the remainder when 163 is divided by a.
16
Suppose 2*d + 7 = -2*s + 17, 0 = s - d - 7. Let k(l) = -l**3 + 7*l**2 + 8*l - 38. Calculate the remainder when k(s) is divided by 16.
14
Let m(d) be the second derivative of d**4/12 - 2*d**3/3 + 3*d**2 + 2*d. What is the remainder when 15 is divided by m(4)?
3
Let d = -2 + 4. Let p = 4 + d. Calculate the remainder when 23 is divided by (p/1)/((-1)/(-1)).
5
Let o be (0/(-2))/(8 - 6). Suppose 24 = -o*b + 6*b. Suppose -x - 2*z = -18, -4*x = b*z - z - 57. What is the remainder when 35 is divided by x?
11
Let a(g) = -21*g - 290. What is the remainder when 8 is divided by a(-14)?
0
Suppose 3*a + 0*a - 7 = -5*b, 2*a - 6 = -4*b. Suppose -2*l - z = -76, 0 = b*z + 3 + 1. Calculate the remainder when l is divided by 14.
11
Let n = -153 - -165. Calculate the remainder when 131 is divided by n.
11
Suppose s = k + 2*k - 8, 0 = 4*k - 2*s - 10. Suppose 4*i - 62 = k*y, -2*i + 2*y = -y - 34. Calculate the remainder when i is divided by 8 - 0/(-3 + 1).
6
Suppose 32*r = 1260 + 212. Calculate the remainder when 272 is divided by r.
42
Suppose -2*c + 32 = 3*v, 4*c - 23 = -3*v - 1. Suppose 2*k - 4 = v. Let s = -52 + 56. What is the remainder when k is divided by s?
1
Let r(z) = z - 12. Let m be r(12). Suppose -w - 2*t + 12 = m, -w + 2*t = 3*w - 18. What is the remainder when 22 is divided by w?
4
What is the remainder when (15/((-75)/(-40)))/((-6)/(-9)) is divided by 1?
0
Suppose 0 = 4*y - 9*y + 180. Suppose 2*n + k + 24 = 2*k, -3*n + 2*k - y = 0. What is the remainder when -7*(0 + n/7) is divided by 8?
4
Let l be 3 + (1 - 5 - -1). Let o be (-3 + 10/4)*l. Suppose -k - 6*u + 3*u + 34 = o, -5*k + 170 = -4*u. Calculate the remainder when k is divided by 9.
7
Suppose 3*a + 3*h - 2*h - 172 = 0, -a + 74 = -3*h. Let z = a + -45. What is the remainder when z is divided by 6?
2
Suppose -69 = k - 2*k + 2*p, -k - 4*p + 51 = 0. Calculate the remainder when 182 is divided by k.
56
Let p = 8 - 7. Let y(d) = d. Let q(n) = -11*n - 1. Let a(b) = -q(b) - 6*y(b). Calculate the remainder when 11 is divided by a(p).
5
Let w be -1*((-4)/4 + -4). Suppose w*o - 288 = -98. Calculate the remainder when o is divided by 10.
8
Suppose 0 = -4*r - 3*z + 181 + 304, 4*r = 5*z + 461. Calculate the remainder when 1307 is divided by r.
117
Suppose -3*w = -6*w + 21. Let f = -9 + w. What is the remainder when 7 is divided by ((-12)/(-15))/(f/(-5))?
1
Calculate the remainder when 25 is divided by 1 + -3 + (-1 - 2) + 18.
12
Suppose b - 3*m + m = 22, 0 = -3*b - 5*m + 11. Calculate the remainder when 15 is divided by b/3 + (0 - 3) - -3.
3
Let i be (-4)/(-12)*9 + -1. Suppose -3*n - i*n = -210. Calculate the remainder when n is divided by 11.
9
Suppose -2*f + 22 = 16. Calculate the remainder when f is divided by 3.
0
What is the remainder when 2873 is divided by (-1*15)/(39/(-299)*1)?
113
Let b = 320 - 306. What is the remainder when 557 is divided by b?
11
Let u(m) = -7*m - 96. Calculate the remainder when 15 is divided by u(-14).
1
Let x = 102 - 73. Calculate the remainder when 171 is divided by x.
26
Let n be (58/3)/((-3)/(-18)). Let r = n + -85. Calculate the remainder when 151 is divided by r.
27
Suppose 0 = -18*a + 10919 - 2567. What is the remainder when a is divided by 15?
14
Suppose -11 = -5*j - 1. Let s = 144 + -69. Suppose j*x - 57 = s. Calculate the remainder when x is divided by 17.
15
Let y = 347 - 343. What is the remainder when 22 is divided by y?
2
Let x(m) = -12*m - 104. Let n(w) = -w**3 - 3*w**2 - 3*w - 3. What is the remainder when n(-5) is divided by x(-10)?
14
Let j = -2 - -9. Suppose 4*n + 38 = 5*q, q + 4*n - j = 5*n. Calculate the remainder when q is divided by 3.
1
Let l(p) = -5*p + 198. What is the remainder when l(36) is divided by 13?
5
Let y(o) = 2*o + 5. Let n be y(0). Suppose 5 = n*p + z + 56, 1 = -z. Let k = p + 18. What is the remainder when 29 is divided by k?
5
Let x(c) = -c**2 + 13*c + 2. Let l be x(14). Let k = 3 - l. What is the remainder when 29 is divided by k?
14
Let o(s) = s**2 - 11*s - 1. Let c be o(17). Suppose -c = -4*p - 9. What is the remainder when 112 is divided by p?
20
Suppose -i + 43 = a + 4*a, 2*a - 26 = 4*i. Suppose 8 = -4*l, -3*l - 2*l = 3*y + 34. What is the remainder when a is divided by 4/(-5)*60/y?
3
Suppose 2*w - 867 = -805. Calculate the remainder when 121 is divided by w.
28
Suppose -10 = -2*r, -2*r + 6*r = 3*b + 5. Suppose 2 = -6*j + b*j. Let m(i) = i**2 - i + 2. What is the remainder when m(j) is divided by 3?
2
Let z = -156 - -98. Let q = z - -64. Calculate the remainder when 16 is divided by q.
4
Suppose -64*p + 1254 = -58*p. Calculate the remainder when p is divided by 109.
100
Let p(i) = 93*i**3 - 2*i + 1. Calculate the remainder when 367 is divided by p(1).
91
Let v(g) = 2*g**3 - 2*g**2 - g - 1. Suppose 22 = 5*t + 12. Let h be v(t). Let d = 10 + h. Calculate the remainder when 72 is divided by d.
12
Let y(d) = -d**2 - 13*d + 1. Let x be y(-6). Suppose 103 = 5*q + x. What is the remainder when 21 is divided by q?
9
Suppose -3*a + 62 = 5*p - 4*p, -p + 66 = 4*a. Suppose -7*y - p = -12*y. Calculate the remainder when 19 is divided by y.
9
Let v(x) = x**2 + 5*x + 10. Let m = 54 + 57. Calculate the remainder when m is divided by v(-6).
15
Let u = 504 + -467. Calculate the remainder when 128 is divided by u.
17
Suppose -2*w - 7*k + 195 = -4*k, -2*w + 219 = -5*k. Let g(v) = v**2 + v - 4. Calculate the remainder when w is divided by g(5).
24
Suppose 540 = 7*f + 134. Calculate the remainder when 108 is divided by f.
50
Let y(g) = 13*g - 1. Let i be 238/18 - (-4)/(-18). Let b = -11 + i. Calculate the remainder when y(b) is divided by 13.
12
Let n = 44 - 31. Let l = -201 + 209. Calculate the remainder when n is divided by l.
5
Let k(j) be the third derivative of 2*j**2 + 1/4*j**4 + 1/3*j**3 + 0*j + 0. What is the remainder when k(10) is divided by 16?
14
Let o(y) = y**3 - 6*y**2 + 6*y + 3. Suppose -5*v + 114 = 29. Suppose -3*g + 43 = -v. What is the remainder when g is divided by o(5)?
4
Suppose 0 = 17*s + 12*s - 6206. Calculate the remainder when s is divided by 62.
28
Let k = -3209 + 3237. What is the remainder when 123 is divided by k?
11
Let i(s) = s**2 - 14*s + 77. What is the remainder when 312 is divided by i(12)?
47
Suppose 0 = 2*b + 3*b - 25. Suppose b*o + 3 = -3*h + 2, 14 = 2*h - 4*o. Let v(j) = -j**2 - 3*j + 1. What is the remainder when h is divided by v(-3)?
0
Let y(n) = n**3 + 3*n**2 - 2*n. Let u be y(2). Suppose c = 3*c - u. What is the remainder when 39 is divided by c?
7
Let u(q) = 7*q**2 - 26*q + 71. Calculate the remainder when u(3) is divided by 12.
8
Let a be 2265/(-40) - (-3)/(-8). Let o = 63 + a. What is the remainder when 16 is divided by o?
4
Let n be (-63)/(-30) - (-1)/(-10). Suppose -n*t + 11 + 19 = 0. What is the remainder when 29 is divided by t?
14
Let z = -257 - -428. Calculate the remainder when z is divided by 29.
26
Let j(n) = -17*n - 103. What is the remainder when j(-13) is divided by 17?
16
Let w = 8 + -3. Suppose 21 = -3*i + 6*i. What is the remainder when i is divided by w?
2
Let l(r) = r. Let m be l(4). What is the remainder when (1 - m - -36) + 1 is divided by -1*(4 - 2) - -14?
10
Suppose 9*c + 527 - 4064 = 0. What is the remainder when c is divided by 12?
9
Suppose -9 = -4*n - 3*y, y = -5*n + 30 - 5. Let c = -3 - -3. Suppose -48 = -3*d - c*d. What is the remainder when d is divided by n?
4
Calculate the remainder when (-4)/12*88*6/(-4) is divided by 15.
14
Let n = -9 - -14. Suppose 2*d - 5*m + 7 = 0, -n*d = 5*m - 99 + 29. Calculate the remainder when 26 is divided by d.
8
Suppose 2*f - 8 = 3*f - 4*m, 7 = f + m. Suppose -s - 111 = -3*q, -5*s = -q + f + 47. What is the remainder when 215 is divided by q?
35
Let r(c) = 3*c**2 - 4. Let k(g) = 6*g**2 - g - 9. Let o(s) = -2*k(s) + 5*r(s). Calculate the remainder when 53 is divided by o(2).
11
Let c(u) = -u**2 - 29*u - 50. Let k be c(-23). Let j = k - 77. Suppose -27 + 113 = 4*p - 2*m, -112 = -5*p + 4*m. Calculate the remainder when p is divided by j.
9
Let z be (-8)/(-12)*-21 - -4. Let n = z + 17. Suppose -56 = -n*o + 3*o. What is the remainder when 41 is divided by o?
13
Let z be 11 + 1/2*-2. Let m(t) = -t**2 + 10*t + 10. Let b = 101 + -82. What is the remainder when b is divided 